 - (-2 - -102).
-73
What is 3 - (-2 + 5 + -23) - 7?
16
Calculate (8 + -203 - -16) + 37 + 7.
-135
Calculate (0 - -2 - (5 - -9)) + -46 + 55 + 13.
10
27 + -2 - (-93 + 106) - (83 - (-18 - -22))
-67
What is the value of -11 + (22 - (9 - -24)) + -48 - -15?
-55
Evaluate 93 - 84 - 0 - -69.
78
What is the value of 65 + -12 - (10 + 97)?
-54
Calculate -1073 - -1069 - (-19 - (5 + -3)).
17
Calculate ((-9 - 21) + -2 - -21) + (25 - 1).
13
What is -11 - -4 - (8 + 29 + -19 + -11)?
-14
Evaluate -37 + 29 + 21 + (0 - 5).
8
((14 - -5) + -32 - (35 + 4 + -5)) + -14
-61
-19 + (36 - 0) + -19 - (-1 - -17)
-18
Calculate (0 - -5 - (6 + -10 + 0 + 10)) + 94.
93
What is -49 + (21 - -28) - (-73 + -3 + (3 - 0))?
73
What is the value of (-3 - -3) + -1 - 3 - (67 + -65 - -2)?
-8
What is 12 + 110 + (259 - 300)?
81
What is (-5 + 8 + -17 - -3) + -8 + (11 - -57)?
49
Evaluate -2 + (7 - (7 - 6)) + (6 - -1) + -12.
-1
What is (-10 - -15 - 20 - -32 - 13) + 21?
25
Calculate -12 + (13 - (33 + -9)) + 6 + -1 + -10.
-28
Calculate (-17 + 19 - -19) + 1 + (-6 - -9).
25
(4 + -1 - (293 - 283)) + (-2 + 78 - -1)
70
What is the value of 23 - (17 - 50) - 37?
19
Evaluate 1 + 0 + (20 + 6 - -16) + -112.
-69
What is -23 + 28 + -173 + 75?
-93
Calculate 28 + -52 + 28 + (-13 - 27).
-36
Evaluate 0 + -137 - (-4718 + 4567).
14
Evaluate -3 - (-1 + -11 + (0 - -3) + -638 + 684).
-40
(2 - 55) + -2517 + 2617
47
85 - (52 + (21 - (18 + 13)))
43
Calculate (72 - 162) + -2 - -82.
-10
What is the value of 95 + -19 - 113 - 43?
-80
Evaluate 89 + 19 + -106 + 1 + 14.
17
Calculate -50 - (11 + (-68 - -16)).
-9
2 + -2 + 6 + (-10 - -7)
3
What is (-30 - (-26 - 4) - 9) + 9?
0
What is 10 + -38 - -15 - (2 + (15 - 7))?
-23
Evaluate -13 + -46 + (-13 - -132).
60
Calculate 36 - (-4 + -21) - (3 + (0 - (-4 - -18))).
72
-84 - ((-69 - -50 - (8 - 29)) + 1 + -13)
-74
Evaluate -12 - (6 - 12) - (1 - (-1 - (-6 + 0))).
-2
What is the value of 0 + 3 - ((5 - (5 - 5)) + 81 + -53)?
-30
Calculate -103 - -20 - (-3 - 17 - -3).
-66
Evaluate (-5 - 1) + (-10 - -18) + 0.
2
46 + -35 + 1 + 31 + 44
87
What is -7 + 7 + -10 - (-2 - 5 - (64 - 2))?
59
Calculate (35 - 3) + 29 + 1 + -11 + -10.
41
Evaluate -174 + 38 + -19 + -32 + 56.
-131
What is 3 - (-54 + 74 - (1 + 3))?
-13
-68 + -51 + (10 - -52)
-57
Evaluate (-26 - 5) + 405 + -342.
32
What is 14 - (-10 - -2) - (-45 + 68)?
-1
Calculate -62 + 12 + 49 - -13.
12
Calculate (14 - -1) + 17 + -22 + -5 + -6.
-1
What is 19 + 17 + -20 + -5 + 26 + -2?
35
Evaluate -97 - (6 + (-18 + 34 - 17)) - (-7 + 5).
-100
Evaluate 107 + (-294 - -105) + 2.
-80
Calculate 1 + -12 - (-9 + 11 + 14 - (-2 + 10)).
-19
What is (-871 - -875) + (-3 - 61)?
-60
8 + -2 + 2 + 1 - (1318 + -1347)
38
What is 2 - 10 - ((-1 - -146) + -89 + 86 - 17)?
-133
Calculate (-2317 - -2296) + ((83 - 5) + 3 - 0).
60
Calculate -23 - (-3 + 2) - (1153 + -1138).
-37
Evaluate 4 + (-66 - -125 - 61).
2
Calculate -26 - -62 - (19 + (6 - 18) - 29).
58
Evaluate (-114 - -191) + -26 - (-3 + 0).
54
15 + -23 - -13 - (-7 + 16 + 2 - 4)
-2
Evaluate (1 - -52) + (82 - 70 - -27).
92
Calculate 211 + -261 - (-56 + 3).
3
(18 - 25) + 43 - 75
-39
Calculate 7 + (8 + -22 - -15 - 11) - -54.
51
Calculate (-40 - 1) + 1842 + -1825.
-24
(80 + 22 - 71) + 45
76
Calculate -146 + (-8 - 44 - -321).
123
What is 10 - (-14 - -15) - (-71 - (-5 + 6))?
81
Evaluate 1 + 63 - (15 + -8 - (-8 + 6)).
55
Calculate 0 + -1 + -7 + (-5 - (-57 + 71)) + -10.
-37
What is the value of 2 + (-48 - (-5 - -10)) - ((22 - 18) + -6)?
-49
What is the value of (-4 - ((9 - (-1 - -4)) + -4)) + 8 + -4?
-2
What is the value of -52 + 42 - (-11 + 8 + -10)?
3
What is the value of -46 + 57 + -6 + 3?
8
Calculate -20 - (-7 - -12) - 9 - 5.
-39
15 - (4 + -9 + -110 + 221) - 3
-94
What is the value of (-37 + -36 - -53) + 11 + (-1 - -1)?
-9
Evaluate (-11 - 8) + 169 + -79.
71
2 + 3 + (7 - 1) + -12 + (7 - 5)
1
What is (-11 - -4) + 1 - (12 + -2 + 12 + -13)?
-15
Evaluate -33 - (-22 - (-73 - -190)).
106
What is -10 - (66 + 0 + (5 - (-52 + 12 - -39)))?
-82
What is the value of -86 + 54 + -45 + 121?
44
(11 + -37 + 22 - 8) + -17
-29
What is the value of 47 + (26 - (-17 + (-19 - -70)))?
39
What is -43 - (-11 - -9) - (3 + -11 - 4)?
-29
What is the value of 40 + (3 - (17 + 8)) + 30?
48
What is (7 - (-1 - -5)) + 6 + -39?
-30
Calculate -8 + 35 + (5 - (24 + -5)).
13
What is the value of 113 - 11 - ((8 - -1) + 0 + 538 + -551)?
106
-4 + (26 - -17) + 47 + -37
49
(0 - (-4 + (-11 - -6))) + 1 + 14
24
27 + -14 + -24 + (5 - (6 - 6)) - -25
19
What is 273 + -468 - (-106 + -12)?
-77
What is (-1 + -15 - (-11 + -13)) + (-24 - -113)?
97
5 + -11 + (0 - 1) + (-59 - -162) + -28
68
-23 + (-5 - -9 - -75) + 12
68
What is 48 + 40 + -132 - -28?
-16
What is -13 - -11 - ((-2 - 7) + 10 + -3)?
0
Evaluate -43 - ((29 - 69) + 44).
-47
What is -150 + 63 + 88 + -18?
-17
Calculate (-2209 - -2174) + -4 + 138.
99
Evaluate (-99 - -3) + -34 + 71.
-59
What is -2 + -27 + 8 + (-1 - 1 - -15)?
-8
What is 7 + (2 - 3) + (-84 - (-4 + -20))?
-54
What is (-144 + 12 - -129) + -1 + 0 + -20?
-24
-67 - -3 - -3 - (786 - 780)
-67
What is the value of 2 - 42 - (-337 - -364)?
-67
What is the value of (-2 - 11 - 0) + (34 - (-22 - -3))?
40
46 + (25 - (41 - 9 - 32))
71
What is the value of -9 - (-186 + -98 + 134)?
141
Evaluate 12 + -2 + 3 + (-49 + 33 - -29).
26
What is the value of 42 + -4 + (2 + 15 - 19)?
36
Evaluate -2 + -1 + 3 + 3 + -202 + 195 + 33.
29
What is the value of 1 + (-2 - -44) + -1 - (-1 - (-6 + -2))?
35
What is (-2 + 2 + -6 - 1) + 17 + (7 - -22)?
39
Evaluate 0 + 11 + (-427 - -324 - -176).
84
Calculate -28 - (-8 - (2 + 17)) - 40.
-41
What is the value of -8 + 68 + -47 - (-1 + 8 + -1) - -4?
11
Calculate 116 + -40 + -86 - (0 + -53).
43
What is 122 - (102 + 25) - (-45 - 0)?
40
What is 70 + -144 + 1 - (-22 - 4)?
-47
What is (-32 - -9) + 7 - ((-17 - 8) + 20)?
-11
What is 119 + -40 + -93 + (25 + -3 - 0)?
8
What is the value of -17 - (9 - 13) - -11 - (-6 - 4 - 54)?
62
Calculate 26 + (27 - -9) - (3 + 2 + 6).
51
Calculate -19 - (-59 + 104) - -38.
-26
Evaluate -1 + -1 - (41 + (-67 - (-30 + 2))).
-4
Evaluate 0 - 36 - (-1301 - -1341).
-76
What is the value of 13 + (-23 - (4 + -9 - (2 + 0)))?
-3
-73 + 56 + (0 - -3 - -47)
33
(23 - (-7 + (15 - 11))) + -22
4
-431 + 429 - ((-5 - -8) + -4 + (-6 - -15))
-10
Evaluate 5 - ((-16 - -3 - -31) + -6 - 9).
2
37 + 46 + -21 + -85
-23
Evaluate (41 + -13 - 1 - 96) + 11.
-58
What is -23 - (-21 + -15 + 40 - 4)?
-23
Evaluate (-5 + -8 - -21) + -1 + -6 + 2.
3
Calculate (-3 - -2 - 68) + -1 - (-183 + 197).
-84
What is -6 + (-43 + -1 - (10 - 2)) - -12?
-46
Calculate (3 + -29 - (-114 - -103)) + 43.
28
What is 280 + (-183 - 80) + -24 + (1 - 3)?
-9
Calculate (69 + -1 - (33 - 28)) + (33 - (63 - 24)).
57
-28 + -2 - ((-1 - 12) + 6)
-23
What is (-8 - -24) + -29 + 1?
-12
Evaluate -40 - (65 - 49 - 60) - (2 + -1 - -32).
-29
Evaluate 132 + 3 + -284 + 86.
-63
What is -9 - -1 - (-2538 - -2568)?
-38
Calculate (-9 - -4) + (-17 - (-45 + -3)).
26
What is -1 + 78 + 5 - (-8 - -43 - 25)?
72
What is 4 + (-1 - -2) + (6769 - 6789)?
-15
What is the value of -93 - (-4 + -25 + 43 + (2 - 8))?
-101
Calculate 4 - ((-13 - 1) + 8 - -45).
-35
Calculate (-2376 - -2481) + -153 + 3.
-45
Evaluate 150 + -27 + -42 + -22 + 50.
109
25 + -61 + 14 + 50
28
What is the value of (111 - 145) + (5 - (4 + 10 + -8))?
-35
What is the value of (23 - (10 + -18 - -2)) + -32 + 13?
10
What is the value of -8 + 7 + (-2 - -19) + 38 + -6 + 97?
145
Evaluate -17 + 44 + -14 + -51 - -2.
-36
What is the value of -4 + (-11 - (-35 - -10 - -12)) - 36?
-38
Calculate -9 - (130 + -132 + -22 + 1 + 1).
13
What is -89 + 8 - (-315 + 156)?
78
Calculate 22 + -36 + 20 + -60.
-54
-7 - (-589 - -598 - (2 + 28 - (-2 - 0)))
16
Calculate -6 + 45 - (60 + -20) - 48.
-49
What is (-66 - 2) + (123 - (196 + -103))?
-38
Calculate -51 - (-1 + 3) - 1 - (-17 - (25 + -46)).
-58
What is the value of (50 + -59 + -16 - -50) + (-6 - (-1 + 1))?
19
What is the value of -34 + (27 - -7 - 23) + -2?
-25
What is (22 - 0) + -13 - (28 - 10)?
-9
Evaluate 5 + -11 + (9 - 15) + (-5 - (-5 + 4)).
-16
Evaluate 10 + 0 + -38 + (2 - 52) + 134.
56
What is -274 + 308 - (53 + -3)?
-16
Calculate (-15 - (9 - 36 - -29)) + 3.
-14
What is the value of (19 - 41 - 2) + 7 - -65?
48
Evaluate -15 + (-16 - 15) + 23.
-23
What is the value of 54 + (-17 - 10) + -116?
-89
What is the value of 51 - (15 - -2) - 6?
28
-88 + -7 